{"id":305,"date":"2021-05-02T13:39:43","date_gmt":"2021-05-02T11:39:43","guid":{"rendered":"http:\/\/135.181.198.186\/?page_id=305"},"modified":"2021-05-02T13:39:43","modified_gmt":"2021-05-02T11:39:43","slug":"helfer-seite","status":"publish","type":"page","link":"https:\/\/twitteducation.com\/wim\/helfer-seite\/","title":{"rendered":"Helfer Seite"},"content":{"rendered":"\n<div class=\"wp-block-cover has-background-dim\" style=\"min-height:483px;aspect-ratio:unset;\"><img decoding=\"async\" class=\"wp-block-cover__image-background wp-image-76\" alt=\"\" src=\"https:\/\/twitteducation.com\/wp-content\/uploads\/2021\/04\/karsten-wurth-0w-uTa0Xz7w-unsplash-scaled.jpg\" style=\"object-position:50% 50%\" data-object-fit=\"cover\" data-object-position=\"50% 50%\" \/><div class=\"wp-block-cover__inner-container is-layout-flow wp-block-cover-is-layout-flow\">\n<div class=\"wp-block-group\"><div class=\"wp-block-group__inner-container is-layout-flow wp-block-group-is-layout-flow\">\n<div style=\"height:100px\" aria-hidden=\"true\" class=\"wp-block-spacer\"><\/div>\n\n\n\n<div class=\"wp-block-group\"><div class=\"wp-block-group__inner-container is-layout-flow wp-block-group-is-layout-flow\">\n<p class=\"has-text-align-center has-text-color has-huge-font-size\" style=\"color:#edeade\">Klima Quiz f\u00fcr Bundesabgeordnete Kandidat*innen<\/p>\n<\/div><\/div>\n\n\n\n<div class=\"wp-block-group\"><div class=\"wp-block-group__inner-container is-layout-flow wp-block-group-is-layout-flow\">\n<p class=\"has-text-align-center has-text-color has-large-font-size\" style=\"color:#edeade\">Werde als <em>Helfer<\/em> Teil der Aktion<\/p>\n\n\n\n<div style=\"height:30px\" aria-hidden=\"true\" class=\"wp-block-spacer\"><\/div>\n<\/div><\/div>\n\n\n\n<div style=\"height:30px\" aria-hidden=\"true\" class=\"wp-block-spacer\"><\/div>\n\n\n<style>\r\n\r\n#wpsm_counter_b_row_31 .wpsm_counterbox\r\n{\r\n\ttext-align:center;\r\n\tmargin-top:50px;\r\n\tmargin-bottom:50px;\r\n}\r\n#wpsm_counter_b_row_31 .wpsm_counterbox .wpsm_count-icon{\r\n\tdisplay:block;\r\n\tmargin-top:20px;\r\n\tpadding-top:0px;\r\n\tpadding-bottom:0px;\r\n\tmargin-bottom:0px;\r\n\tmargin:0 auto;\r\n}\r\n#wpsm_counter_b_row_31 .wpsm_counterbox .wpsm_count-icon i{\r\n\tfont-size:40px;\r\n\tcolor:#eeeadd;\r\n}\r\n#wpsm_counter_b_row_31 .wpsm_counterbox .wpsm_number{\r\n\tfont-size:44px;\r\n\tfont-weight:300;\r\n\tcolor:#eeeadd;\r\n\tfont-family:'Open Sans';\r\n\tletter-spacing:2px;\r\n\tmargin-top:20px;\r\n\tline-height: 1.3em;\r\n\tpadding-top:0px;\r\n\tpadding-bottom:0px;\r\n\tmargin-bottom:0px;\r\n}\r\n#wpsm_counter_b_row_31 .wpsm_counterbox .wpsm_count-title{\r\n    font-size:20px;\r\n\tfont-weight:bolder;\r\n\tfont-family:'Open Sans';\r\n\tletter-spacing:2px;\r\n    color: #eeeadd;\r\n\tfont-weight:300;\r\n\tmargin-top:20px;\r\n\tpadding-top:0px;\r\n\tpadding-bottom:0px;\r\n\tmargin-bottom:0px;\r\n\tline-height: 1.3em;\r\n}\r\n\r\n<\/style> \r\n\t\t \r\n\t\t\r\n\t\t<style>\r\n\t\t#wpsm_counter_b_row_31\t\t\t{\r\n\t\t\t\t\r\n\t\t\t\tposition:relative;\r\n\t\t\t\twidth:100%;\r\n\t\t\t\toverflow:hidden;\r\n\t\t\t\ttext-align:center;\r\n\t\t\t}\r\n\t\t\t \r\n\t\t\t#wpsm_counter_b_row_31 .wpsm_row{\r\n\t\t\toverflow:hidden;\r\n\t\t\tdisplay:block;\r\n\t\t\twidth:100%;\r\n\t\t\t} \r\n\t\t\t \r\n\t\t\t#wpsm_counter_b_row_31 .wpsm_row{\r\n\t\t\toverflow:visible;\r\n\t\t\t} \r\n\t\t\t \r\n\t\t\t#wpsm_counter_b_row_31 .wpsm_counterbox .wpsm_count-title{\r\n\t\t\tmin-height:56px;\r\n\t\t\t}}\r\n\t\t\t \r\n\t\t<\/style>\r\n\t\t\r\n\t\t<div class=\"wpsm_counter_b_row\" id=\"wpsm_counter_b_row_31\">\r\n\t\t\t<div>\r\n\t\t\t\t<div class=\"wpsm_row\">\r\n\t\t\r\n\t\t\t\t\t\t<div class=\"wpsm_col-md-4 wpsm_col-sm-6\">\r\n\t\t\t\t\t<div class=\"wpsm_counterbox\">\r\n\t\t\t\t\t\t \r\n\t\t\t\t\t\t<div class=\"wpsm_count-icon\"><i #eeeadd class=\"fa fa-bullhorn\"><\/i><\/div>\r\n\t\t\t\t\t\t\t\t\t\t\t\t<div class=\"wpsm_number\" style=\"#eeeadd\" >\r\n\t\t\t\t\t\t   <span class=\"counter\">6\t\t\t\t\t\t   <\/span>\r\n\t\t\t\t\t\t    \r\n\t\t\t\t\t    <\/div>\r\n\t\t\t\t\t\t<h3 class=\"wpsm_count-title\" #eeeadd> Parteien<\/h3>\r\n\t\t\t\t\t\t \r\n\t\t\t\t\t<\/div>\r\n\t\t\t\t<\/div>\r\n\t\t\t\t\t\t\t\t\t<div class=\"wpsm_col-md-4 wpsm_col-sm-6\">\r\n\t\t\t\t\t<div class=\"wpsm_counterbox\">\r\n\t\t\t\t\t\t \r\n\t\t\t\t\t\t<div class=\"wpsm_count-icon\"><i #eeeadd class=\"fa fa-users\"><\/i><\/div>\r\n\t\t\t\t\t\t\t\t\t\t\t\t<div class=\"wpsm_number\" style=\"#eeeadd\" >\r\n\t\t\t\t\t\t   <span class=\"counter\">579\t\t\t\t\t\t   <\/span>\r\n\t\t\t\t\t\t    \r\n\t\t\t\t\t    <\/div>\r\n\t\t\t\t\t\t<h3 class=\"wpsm_count-title\" #eeeadd> Politiker*innen<\/h3>\r\n\t\t\t\t\t\t \r\n\t\t\t\t\t<\/div>\r\n\t\t\t\t<\/div>\r\n\t\t\t\t\t\t\t\t\t<div class=\"wpsm_col-md-4 wpsm_col-sm-6\">\r\n\t\t\t\t\t<div class=\"wpsm_counterbox\">\r\n\t\t\t\t\t\t \r\n\t\t\t\t\t\t<div class=\"wpsm_count-icon\"><i #eeeadd class=\"fa fa-user-plus\"><\/i><\/div>\r\n\t\t\t\t\t\t\t\t\t\t\t\t<div class=\"wpsm_number\" style=\"#eeeadd\" >\r\n\t\t\t\t\t\t   <span class=\"counter\">70\t\t\t\t\t\t   <\/span>\r\n\t\t\t\t\t\t    \r\n\t\t\t\t\t    <\/div>\r\n\t\t\t\t\t\t<h3 class=\"wpsm_count-title\" #eeeadd> Follower<\/h3>\r\n\t\t\t\t\t\t \r\n\t\t\t\t\t<\/div>\r\n\t\t\t\t<\/div>\r\n\t\t\t\t\t\t<\/div>\r\n\t\t\t<div class=\"wpsm_row\">\r\n\t\t\t\t\t\t\r\n\t\t\t<\/div>\t\t\t\t<\/div>\r\n\t\t<\/div>\r\n\t\t\r\n\t\n\n\n\n<p><\/p>\n<\/div><\/div>\n<\/div><\/div>\n\n\n\n<div style=\"height:100px\" aria-hidden=\"true\" class=\"wp-block-spacer\"><\/div>\n\n\n\n<div class=\"wp-block-group\"><div class=\"wp-block-group__inner-container is-layout-flow wp-block-group-is-layout-flow\">\n<div class=\"wp-block-columns is-layout-flex wp-container-core-columns-is-layout-9d6595d7 wp-block-columns-is-layout-flex\">\n<div class=\"wp-block-column is-layout-flow wp-block-column-is-layout-flow\" style=\"flex-basis:5%\"><\/div>\n\n\n\n<div class=\"wp-block-column is-layout-flow wp-block-column-is-layout-flow\" style=\"flex-basis:95%\">\n<h2 class=\"has-huge-font-size wp-block-heading\">Sich als <em>Helfer<\/em> melden &#8211; in 2 Schritten<\/h2>\n\n\n\n<div class=\"wp-block-columns is-layout-flex wp-container-core-columns-is-layout-9d6595d7 wp-block-columns-is-layout-flex\">\n<div class=\"wp-block-column is-layout-flow wp-block-column-is-layout-flow\" style=\"flex-basis:10%\">\n<figure class=\"wp-block-image size-large is-resized\"><img decoding=\"async\" src=\"https:\/\/twitteducation.com\/wp-content\/uploads\/2021\/05\/one.svg\" alt=\"\" class=\"wp-image-683\" width=\"32\" height=\"32\" \/><\/figure>\n<\/div>\n\n\n\n<div class=\"wp-block-column is-layout-flow wp-block-column-is-layout-flow\" style=\"flex-basis:66.66%\">\n<p class=\"has-medium-font-size\"><a href=\"https:\/\/twitter.com\/WissenistMach10?ref_src=twsrc%5Etfw\" class=\"twitter-follow-button\" data-size=\"large\" data-show-count=\"false\">Folge @WissenistMach10<\/a><\/p>\n<\/div>\n<\/div>\n\n\n\n<div class=\"wp-block-columns is-layout-flex wp-container-core-columns-is-layout-9d6595d7 wp-block-columns-is-layout-flex\">\n<div class=\"wp-block-column is-layout-flow wp-block-column-is-layout-flow\" style=\"flex-basis:10%\">\n<figure class=\"wp-block-image size-large is-resized\"><img decoding=\"async\" src=\"https:\/\/twitteducation.com\/wp-content\/uploads\/2021\/05\/two.svg\" alt=\"\" class=\"wp-image-684\" width=\"32\" height=\"32\" \/><\/figure>\n<\/div>\n\n\n\n<div class=\"wp-block-column is-layout-flow wp-block-column-is-layout-flow\" style=\"flex-basis:66.66%\">\n<p class=\"has-medium-font-size\">Schicke unserem Bot eine <em>Helfer<\/em>-Mitteilung, in dem du ein Tweet mit dem Hashtag #helfer schreibst und den Bot mit @WissenistMach10 erw\u00e4hnst. Bald bekommst du von uns den <em>Helfer<\/em>-Status (*)<\/p>\n<\/div>\n<\/div>\n\n\n\n<p>(*) Wenn du diesen Schritt nicht machst, wirst du nur am Spiel teilnehmen, indem du die Fragen bekommst, aber keinen fertigen Tweet retweeten kannst.<\/p>\n<\/div>\n\n\n\n<div class=\"wp-block-column is-layout-flow wp-block-column-is-layout-flow\" style=\"flex-basis:5%\"><\/div>\n<\/div>\n<\/div><\/div>\n\n\n\n<div style=\"height:100px\" aria-hidden=\"true\" class=\"wp-block-spacer\"><\/div>\n\n\n\n<div class=\"wp-block-columns is-layout-flex wp-container-core-columns-is-layout-9d6595d7 wp-block-columns-is-layout-flex\">\n<div class=\"wp-block-column is-layout-flow wp-block-column-is-layout-flow\" style=\"flex-basis:5%\"><\/div>\n\n\n\n<div class=\"wp-block-column is-layout-flow wp-block-column-is-layout-flow\" style=\"flex-basis:95%\">\n<h2 class=\"has-huge-font-size wp-block-heading\">Wie das Spiel funktioniert und warum wir <em>Helfer<\/em> brauchen<\/h2>\n\n\n\n<p class=\"has-medium-font-size\">Twitter bietet mit der Funktion &#8220;<a rel=\"noreferrer noopener\" href=\"https:\/\/help.twitter.com\/de\/using-twitter\/types-of-tweets\" target=\"_blank\">Erw\u00e4hnung<\/a>&#8221; eine tolle M\u00f6glichkeit um Nicht-Follower anzusprechen. Da die Kandidat*innen der Bundestagswahl 2021 uns mit gro\u00dfer Wahrscheinlichkeit nicht folgen werden, wollen wir sie auf diese Weise erreichen. Die Kandidat*innen bekommen dann unsere Fragen unter &#8220;Mitteilungen&#8221; als &#8220;Erw\u00e4hnungen&#8221;. <\/p>\n\n\n\n<div class=\"wp-block-columns is-layout-flex wp-container-core-columns-is-layout-9d6595d7 wp-block-columns-is-layout-flex\">\n<div class=\"wp-block-column is-layout-flow wp-block-column-is-layout-flow\" style=\"flex-basis:30%\"><\/div>\n\n\n\n<div class=\"wp-block-column is-layout-flow wp-block-column-is-layout-flow\">\n<figure class=\"wp-block-image size-large is-resized\"><img decoding=\"async\" src=\"https:\/\/twitteducation.com\/wp-content\/uploads\/2021\/05\/user.svg\" alt=\"\" class=\"wp-image-479\" width=\"60\" height=\"60\" \/><figcaption>Mensch<\/figcaption><\/figure>\n<\/div>\n\n\n\n<div class=\"wp-block-column is-layout-flow wp-block-column-is-layout-flow\" style=\"flex-basis:10%\">\n<figure class=\"wp-block-image size-large is-resized\"><img loading=\"lazy\" decoding=\"async\" src=\"https:\/\/twitteducation.com\/wp-content\/uploads\/2021\/05\/14-chalk-arrows-1.png\" alt=\"\" class=\"wp-image-413\" width=\"40\" height=\"40\" \/><\/figure>\n<\/div>\n\n\n\n<div class=\"wp-block-column is-layout-flow wp-block-column-is-layout-flow\">\n<figure class=\"wp-block-image size-large is-resized\"><img decoding=\"async\" src=\"https:\/\/twitteducation.com\/wp-content\/uploads\/2021\/05\/user.svg\" alt=\"\" class=\"wp-image-479\" width=\"60\" height=\"60\" \/><figcaption>Nicht Follower<\/figcaption><\/figure>\n<\/div>\n\n\n\n<div class=\"wp-block-column is-layout-flow wp-block-column-is-layout-flow\" style=\"flex-basis:30%\"><\/div>\n<\/div>\n\n\n\n<p class=\"has-medium-font-size\">Die Fragen werden von uns automatisch durch einen Twitter-Bot (also nicht durch einen Menschen)  gestellt. Bots d\u00fcrfen aber nur Follower erw\u00e4hnen!  Es ist an sich eine gute Sache, aber f\u00fcr unsere Aktion nachteilig.  <\/p>\n\n\n\n<div class=\"wp-block-columns is-layout-flex wp-container-core-columns-is-layout-9d6595d7 wp-block-columns-is-layout-flex\">\n<div class=\"wp-block-column is-layout-flow wp-block-column-is-layout-flow\" style=\"flex-basis:30%\"><\/div>\n\n\n\n<div class=\"wp-block-column is-layout-flow wp-block-column-is-layout-flow\">\n<figure class=\"wp-block-image size-large is-resized\"><img loading=\"lazy\" decoding=\"async\" src=\"https:\/\/twitteducation.com\/wp-content\/uploads\/2021\/05\/018-robot-1.svg\" alt=\"\" class=\"wp-image-482\" width=\"60\" height=\"60\" \/><figcaption>Robots<\/figcaption><\/figure>\n<\/div>\n\n\n\n<div class=\"wp-block-column is-layout-flow wp-block-column-is-layout-flow\" style=\"flex-basis:10%\">\n<figure class=\"wp-block-image size-large is-resized\"><img loading=\"lazy\" decoding=\"async\" src=\"https:\/\/twitteducation.com\/wp-content\/uploads\/2021\/05\/cross.svg\" alt=\"\" class=\"wp-image-483\" width=\"40\" height=\"40\" \/><\/figure>\n<\/div>\n\n\n\n<div class=\"wp-block-column is-layout-flow wp-block-column-is-layout-flow\">\n<figure class=\"wp-block-image size-large is-resized\"><img decoding=\"async\" src=\"https:\/\/twitteducation.com\/wp-content\/uploads\/2021\/05\/user.svg\" alt=\"\" class=\"wp-image-479\" width=\"60\" height=\"60\" \/><figcaption>Nicht Follower<\/figcaption><\/figure>\n<\/div>\n\n\n\n<div class=\"wp-block-column is-layout-flow wp-block-column-is-layout-flow\" style=\"flex-basis:30%\"><\/div>\n<\/div>\n\n\n\n<p class=\"has-medium-font-size\">Hier kannst du uns unterst\u00fctzen: melde dich als <em>Helfer<\/em> an (siehe unten). Du wirst jeden Tag ein paar Tweets vom Bot bekommen. Dann wird es deine einzige Aufgabe sein, diese Tweets zu retweeten. Mehr nicht!<\/p>\n\n\n\n<div class=\"wp-block-columns is-layout-flex wp-container-core-columns-is-layout-9d6595d7 wp-block-columns-is-layout-flex\">\n<div class=\"wp-block-column is-layout-flow wp-block-column-is-layout-flow\" style=\"flex-basis:20%\"><\/div>\n\n\n\n<div class=\"wp-block-column is-layout-flow wp-block-column-is-layout-flow\">\n<figure class=\"wp-block-image size-large is-resized\"><img loading=\"lazy\" decoding=\"async\" src=\"https:\/\/twitteducation.com\/wp-content\/uploads\/2021\/05\/018-robot-1.svg\" alt=\"\" class=\"wp-image-482\" width=\"60\" height=\"60\" \/><figcaption>Robot<\/figcaption><\/figure>\n<\/div>\n\n\n\n<div class=\"wp-block-column is-layout-flow wp-block-column-is-layout-flow\">\n<figure class=\"wp-block-image size-large is-resized\"><img loading=\"lazy\" decoding=\"async\" src=\"https:\/\/twitteducation.com\/wp-content\/uploads\/2021\/05\/14-chalk-arrows-1.png\" alt=\"\" class=\"wp-image-413\" width=\"40\" height=\"40\" \/><\/figure>\n<\/div>\n\n\n\n<div class=\"wp-block-column is-layout-flow wp-block-column-is-layout-flow\">\n<figure class=\"wp-block-image size-large is-resized\"><img loading=\"lazy\" decoding=\"async\" src=\"https:\/\/twitteducation.com\/wp-content\/uploads\/2021\/05\/mission.svg\" alt=\"\" class=\"wp-image-468\" width=\"60\" height=\"60\" \/><figcaption>Bot Follower<br>+ Helfer Status<\/figcaption><\/figure>\n<\/div>\n\n\n\n<div class=\"wp-block-column is-layout-flow wp-block-column-is-layout-flow\">\n<figure class=\"wp-block-image size-large is-resized\"><img loading=\"lazy\" decoding=\"async\" src=\"https:\/\/twitteducation.com\/wp-content\/uploads\/2021\/05\/14-chalk-arrows-1.png\" alt=\"\" class=\"wp-image-413\" width=\"40\" height=\"40\" \/><\/figure>\n<\/div>\n\n\n\n<div class=\"wp-block-column is-layout-flow wp-block-column-is-layout-flow\">\n<figure class=\"wp-block-image size-large is-resized\"><img decoding=\"async\" src=\"https:\/\/twitteducation.com\/wp-content\/uploads\/2021\/05\/user.svg\" alt=\"\" class=\"wp-image-479\" width=\"60\" height=\"60\" \/><figcaption>Nicht Follower<\/figcaption><\/figure>\n<\/div>\n\n\n\n<div class=\"wp-block-column is-layout-flow wp-block-column-is-layout-flow\" style=\"flex-basis:20%\"><\/div>\n<\/div>\n<\/div>\n\n\n\n<div class=\"wp-block-column is-layout-flow wp-block-column-is-layout-flow\" style=\"flex-basis:5%\">\n<div style=\"height:100px\" aria-hidden=\"true\" class=\"wp-block-spacer\"><\/div>\n<\/div>\n<\/div>\n\n\n\n<div style=\"height:100px\" aria-hidden=\"true\" class=\"wp-block-spacer\"><\/div>\n\n\n\n<div class=\"wp-block-columns is-layout-flex wp-container-core-columns-is-layout-9d6595d7 wp-block-columns-is-layout-flex\">\n<div class=\"wp-block-column is-layout-flow wp-block-column-is-layout-flow\" style=\"flex-basis:5%\"><\/div>\n\n\n\n<div class=\"wp-block-column is-layout-flow wp-block-column-is-layout-flow\" style=\"flex-basis:95%\">\n<h2 class=\"has-huge-font-size wp-block-heading\">Wie retweete ich als <em>Helfer<\/em>?<\/h2>\n\n\n\n<p>Auf die Fl\u00e4che mit 2 eckige Pfeilen klicken (es erscheint &#8220;retweeten&#8221; wenn man mit dem MAus dr\u00fcber f\u00e4hrt)<\/p>\n\n\n\n<figure class=\"wp-block-image size-large\"><img loading=\"lazy\" decoding=\"async\" width=\"603\" height=\"167\" src=\"https:\/\/twitteducation.com\/wp-content\/uploads\/2021\/06\/Bildschirmfoto-2021-06-24-um-11.44.24.png\" alt=\"\" class=\"wp-image-905\" srcset=\"https:\/\/twitteducation.com\/wim\/wp-content\/uploads\/sites\/2\/2021\/06\/Bildschirmfoto-2021-06-24-um-11.44.24.png 603w, https:\/\/twitteducation.com\/wim\/wp-content\/uploads\/sites\/2\/2021\/06\/Bildschirmfoto-2021-06-24-um-11.44.24-300x83.png 300w, https:\/\/twitteducation.com\/wim\/wp-content\/uploads\/sites\/2\/2021\/06\/Bildschirmfoto-2021-06-24-um-11.44.24-600x167.png 600w\" sizes=\"(max-width: 603px) 100vw, 603px\" \/><\/figure>\n\n\n\n<p>Es \u00f6ffnet sich ein Men\u00fc, bitte &#8220;Tweet zitieren&#8221; ausw\u00e4hlen<\/p>\n\n\n\n<figure class=\"wp-block-image size-large\"><img loading=\"lazy\" decoding=\"async\" width=\"600\" height=\"220\" src=\"https:\/\/twitteducation.com\/wp-content\/uploads\/2021\/06\/Bildschirmfoto-2021-06-24-um-11.39.16.png\" alt=\"\" class=\"wp-image-910\" srcset=\"https:\/\/twitteducation.com\/wim\/wp-content\/uploads\/sites\/2\/2021\/06\/Bildschirmfoto-2021-06-24-um-11.39.16.png 600w, https:\/\/twitteducation.com\/wim\/wp-content\/uploads\/sites\/2\/2021\/06\/Bildschirmfoto-2021-06-24-um-11.39.16-300x110.png 300w\" sizes=\"(max-width: 600px) 100vw, 600px\" \/><\/figure>\n\n\n\n<p>Es \u00f6ffnet sich eine Pop-up, mit ein Textfeld (der Text &#8220;Kommentar hinzuf\u00fcgen&#8221; erscheint in Grau als Teasertext, sobald man in diesem Bereich klickt, kann man etwas schreiben<\/p>\n\n\n\n<figure class=\"wp-block-image size-large\"><img loading=\"lazy\" decoding=\"async\" width=\"588\" height=\"335\" src=\"https:\/\/twitteducation.com\/wp-content\/uploads\/2021\/06\/Bildschirmfoto-2021-06-24-um-11.39.34.png\" alt=\"\" class=\"wp-image-906\" srcset=\"https:\/\/twitteducation.com\/wim\/wp-content\/uploads\/sites\/2\/2021\/06\/Bildschirmfoto-2021-06-24-um-11.39.34.png 588w, https:\/\/twitteducation.com\/wim\/wp-content\/uploads\/sites\/2\/2021\/06\/Bildschirmfoto-2021-06-24-um-11.39.34-300x171.png 300w\" sizes=\"(max-width: 588px) 100vw, 588px\" \/><\/figure>\n\n\n\n<p>In Textfeld eigene &#8211; Dir bekannte &#8211; Twitter Politiker\/InFluencer mit @erw\u00e4hnung ansprechen bitte. Plus ein F\u00fclltext<\/p>\n\n\n\n<figure class=\"wp-block-image size-large\"><img loading=\"lazy\" decoding=\"async\" width=\"583\" height=\"382\" src=\"https:\/\/twitteducation.com\/wp-content\/uploads\/2021\/06\/Bildschirmfoto-2021-06-24-um-11.40.28.png\" alt=\"\" class=\"wp-image-907\" srcset=\"https:\/\/twitteducation.com\/wim\/wp-content\/uploads\/sites\/2\/2021\/06\/Bildschirmfoto-2021-06-24-um-11.40.28.png 583w, https:\/\/twitteducation.com\/wim\/wp-content\/uploads\/sites\/2\/2021\/06\/Bildschirmfoto-2021-06-24-um-11.40.28-300x197.png 300w\" sizes=\"(max-width: 583px) 100vw, 583px\" \/><\/figure>\n\n\n\n<p>Dann auf &#8220;Twittern&#8221; klicken. Fertig!<\/p>\n\n\n\n<p class=\"has-medium-font-size\"><\/p>\n<\/div>\n\n\n\n<div class=\"wp-block-column is-layout-flow wp-block-column-is-layout-flow\" style=\"flex-basis:5%\"><\/div>\n<\/div>\n","protected":false},"excerpt":{"rendered":"<p>Sich als Helfer melden &#8211; in 2 Schritten Folge @WissenistMach10 Schicke unserem Bot eine Helfer-Mitteilung, in dem du ein Tweet mit dem Hashtag #helfer schreibst und den Bot mit @WissenistMach10 erw\u00e4hnst. Bald bekommst du von uns den Helfer-Status (*) (*) Wenn du diesen Schritt nicht machst, wirst du nur am Spiel teilnehmen, indem du die [&hellip;]<\/p>\n","protected":false},"author":1,"featured_media":0,"parent":0,"menu_order":0,"comment_status":"closed","ping_status":"closed","template":"","meta":{"ocean_post_layout":"","ocean_both_sidebars_style":"","ocean_both_sidebars_content_width":0,"ocean_both_sidebars_sidebars_width":0,"ocean_sidebar":"0","ocean_second_sidebar":"0","ocean_disable_margins":"enable","ocean_add_body_class":"","ocean_shortcode_before_top_bar":"","ocean_shortcode_after_top_bar":"","ocean_shortcode_before_header":"","ocean_shortcode_after_header":"","ocean_has_shortcode":"","ocean_shortcode_after_title":"","ocean_shortcode_before_footer_widgets":"","ocean_shortcode_after_footer_widgets":"","ocean_shortcode_before_footer_bottom":"","ocean_shortcode_after_footer_bottom":"","ocean_display_top_bar":"default","ocean_display_header":"default","ocean_header_style":"","ocean_center_header_left_menu":"0","ocean_custom_header_template":"0","ocean_custom_logo":0,"ocean_custom_retina_logo":0,"ocean_custom_logo_max_width":0,"ocean_custom_logo_tablet_max_width":0,"ocean_custom_logo_mobile_max_width":0,"ocean_custom_logo_max_height":0,"ocean_custom_logo_tablet_max_height":0,"ocean_custom_logo_mobile_max_height":0,"ocean_header_custom_menu":"0","ocean_menu_typo_font_family":"0","ocean_menu_typo_font_subset":"","ocean_menu_typo_font_size":0,"ocean_menu_typo_font_size_tablet":0,"ocean_menu_typo_font_size_mobile":0,"ocean_menu_typo_font_size_unit":"px","ocean_menu_typo_font_weight":"","ocean_menu_typo_font_weight_tablet":"","ocean_menu_typo_font_weight_mobile":"","ocean_menu_typo_transform":"","ocean_menu_typo_transform_tablet":"","ocean_menu_typo_transform_mobile":"","ocean_menu_typo_line_height":0,"ocean_menu_typo_line_height_tablet":0,"ocean_menu_typo_line_height_mobile":0,"ocean_menu_typo_line_height_unit":"","ocean_menu_typo_spacing":0,"ocean_menu_typo_spacing_tablet":0,"ocean_menu_typo_spacing_mobile":0,"ocean_menu_typo_spacing_unit":"","ocean_menu_link_color":"","ocean_menu_link_color_hover":"","ocean_menu_link_color_active":"","ocean_menu_link_background":"","ocean_menu_link_hover_background":"","ocean_menu_link_active_background":"","ocean_menu_social_links_bg":"","ocean_menu_social_hover_links_bg":"","ocean_menu_social_links_color":"","ocean_menu_social_hover_links_color":"","ocean_disable_title":"default","ocean_disable_heading":"default","ocean_post_title":"","ocean_post_subheading":"","ocean_post_title_style":"","ocean_post_title_background_color":"","ocean_post_title_background":0,"ocean_post_title_bg_image_position":"","ocean_post_title_bg_image_attachment":"","ocean_post_title_bg_image_repeat":"","ocean_post_title_bg_image_size":"","ocean_post_title_height":0,"ocean_post_title_bg_overlay":0.5,"ocean_post_title_bg_overlay_color":"","ocean_disable_breadcrumbs":"default","ocean_breadcrumbs_color":"","ocean_breadcrumbs_separator_color":"","ocean_breadcrumbs_links_color":"","ocean_breadcrumbs_links_hover_color":"","ocean_display_footer_widgets":"default","ocean_display_footer_bottom":"default","ocean_custom_footer_template":"0","footnotes":""},"class_list":["post-305","page","type-page","status-publish","hentry","entry"],"_links":{"self":[{"href":"https:\/\/twitteducation.com\/wim\/wp-json\/wp\/v2\/pages\/305","targetHints":{"allow":["GET"]}}],"collection":[{"href":"https:\/\/twitteducation.com\/wim\/wp-json\/wp\/v2\/pages"}],"about":[{"href":"https:\/\/twitteducation.com\/wim\/wp-json\/wp\/v2\/types\/page"}],"author":[{"embeddable":true,"href":"https:\/\/twitteducation.com\/wim\/wp-json\/wp\/v2\/users\/1"}],"replies":[{"embeddable":true,"href":"https:\/\/twitteducation.com\/wim\/wp-json\/wp\/v2\/comments?post=305"}],"version-history":[{"count":1,"href":"https:\/\/twitteducation.com\/wim\/wp-json\/wp\/v2\/pages\/305\/revisions"}],"predecessor-version":[{"id":1283,"href":"https:\/\/twitteducation.com\/wim\/wp-json\/wp\/v2\/pages\/305\/revisions\/1283"}],"wp:attachment":[{"href":"https:\/\/twitteducation.com\/wim\/wp-json\/wp\/v2\/media?parent=305"}],"curies":[{"name":"wp","href":"https:\/\/api.w.org\/{rel}","templated":true}]}}